= -f**2 + 30*f - 148. Let h be r(6). Calculate z(h).
3
Suppose -59 = -5*t + 2*i, 2*t - 3*i = 8 + 20. Suppose -12*d - 95 = -t. Let k(j) = j**3 + 6*j**2 - 9*j - 8. Give k(d).
6
Let m(s) be the first derivative of -s**2/2 - 15*s - 188. Give m(0).
-15
Let x(u) = 5*u**3 + 9*u**2 - 2*u - 3. Let r = -7 - -11. Let j(o) = 4*o**3 + 8*o**2 - 3*o - 2. Let k = 1155 - 1158. Let s(w) = k*x(w) + r*j(w). Calculate s(-6).
1
Let g(c) = 7*c**2 + 5*c + 2. Let k be g(-1). Let q(h) = 3*h + 7. What is q(k)?
19
Let n be 1 - (-7 - -6)/(2/(-12)). Let u(f) = 1. Let d(h) = -h**2 - 5*h + 2. Let i(a) = a + 8. Let z be i(-4). Let j(q) = z*u(q) + d(q). Determine j(n).
6
Let d(w) be the first derivative of w**2 - 705. Determine d(-2).
-4
Let t(f) = -8*f + 119. Let v be t(14). Let r(a) = -a - 14. Determine r(v).
-21
Let g(c) = -197*c - 37. Let x be g(-4). Let r(u) = -749 + x + 3*u**2 - 4*u**2. Suppose -3 = -4*d + 9. Calculate r(d).
-7
Let x = 681 + -682. Let n(s) = -21*s**2 - s. What is n(x)?
-20
Let c(b) = 5*b - 17. Let a(v) = -6*v + 17. Let n(t) = 3*a(t) + 4*c(t). What is n(8)?
-1
Let u(l) = -l**3 + l**2 - 1. Let m be u(-1). Let j(z) be the first derivative of z**2/2 + z - 1370. Give j(m).
2
Let a(t) = 2*t - 167 - 9*t**2 + t**3 - 177 + 325 - t**2. What is a(10)?
1
Let b(i) = 2*i + 7. Let x(r) = -9 - 2 + r**2 - 3*r**2 + 4*r + 1. Let y be x(4). Let w = 20 + y. What is b(w)?
-5
Let r(d) = d**2 - 2*d - 3. Let a = 29 + -24. Suppose -2*i + 2*f - a - 1 = 0, 2*f = 2. What is r(i)?
5
Let i(h) = h**3 + 4*h**2 + 2. Suppose 3*g = 4*z - 129, 0 = -0*z + z + 3*g - 21. Let a be 16/(-6)*45/z. What is i(a)?
2
Let t be 2 - -3 - (0 + 2). Let l(q) be the third derivative of -q**4/4 + q**3/2 + q**2 - 2*q. Give l(t).
-15
Let s(n) = n + 3. Let c = 1460 - 1457. What is s(c)?
6
Let h(o) = -2*o**3 - 25*o**2 - 21*o + 19. Let m(f) = 3*f**3 + 37*f**2 + 31*f - 28. Let n(b) = 7*h(b) + 5*m(b). Calculate n(-9).
2
Let i(v) = -v**3 + 2*v**2 + 11*v - 9. Let f be i(4). Let u(m) = -m. Let n(o) = -2*o + 1. Let r(y) = f*u(y) - 2*n(y). Calculate r(-5).
-7
Let o(r) = -17*r + 3. Let b(p) = -3*p - 2. Let l(v) = -2*b(v) - o(v). What is l(2)?
47
Let i(c) be the second derivative of 31*c + 1/2*c**2 + 0 - 1/3*c**3. Give i(1).
-1
Let s(r) be the first derivative of -r**4/12 - r**3/6 + 5*r + 15. Let z(k) be the first derivative of s(k). What is z(0)?
0
Let y(m) = m**2 - 7*m - 10. Let o be 2 + (-7 - -5)/(1/(-3)). What is y(o)?
-2
Let k(l) = -12*l + 18. Let d(q) = -7*q + 10. Let p(z) = 11*d(z) - 6*k(z). Calculate p(1).
-3
Let b(p) = 2*p**3 + 2*p**2 + 5. Let h(j) = -j**3 + 5*j**3 - 6*j**3 - 1 + j**3. Let f(o) = b(o) + 3*h(o). Determine f(3).
-7
Let x(s) be the third derivative of s**6/60 - s**5/10 - s**4/3 + 5*s**3/3 + 237*s**2. What is x(4)?
10
Suppose -18*c + 45*c = -162. Let w(s) be the third derivative of -5*s**4/24 - 3*s**3/2 - 6*s**2. What is w(c)?
21
Let j(k) be the second derivative of -k**4/4 - k**3/2 + 3*k**2/2 + 252*k. Give j(-3).
-15
Let h(q) be the second derivative of 7*q**4/12 + q**3/6 - 66*q. Determine h(-2).
26
Let w(c) = c**2 - 5*c + 7. Let j(p) = -2*p**2 - 30*p + 3. Let s be j(-15). Suppose 25 = -s*b + 8*b. Calculate w(b).
7
Let u(o) = -o + 3. Let s(i) = i - 8. Let g(p) = 2*s(p) + 5*u(p). Suppose 0 = -3*d + 5*d - 10. Suppose -6 = -d*y + 9. Determine g(y).
-10
Let g(z) = 1312*z**2 + 26 - 26 - 1304*z**2 - z. Let i(y) = y. Let c be (0 - 2)*(-1)/2. Let x be i(c). Determine g(x).
7
Let j(m) = -7*m - 28. Let r(a) = -4*a - 16. Let w(n) = 3*j(n) - 5*r(n). What is w(5)?
-9
Let p(o) be the first derivative of o**4/24 + o**3/6 - o**2 + 5. Let s(j) be the second derivative of p(j). Suppose 0 = -0*t - 5*t. Determine s(t).
1
Suppose -77 = -z + 12*z. Let m(u) = u**2 + 5*u - 5. Determine m(z).
9
Let c(k) = 16*k + 260. Let v be c(-16). Let s(f) = -f**3 + 4*f**2 - 5. Calculate s(v).
-5
Let w(o) = -4*o - 4*o**2 + 4*o - 4 - 2*o - 2*o**3. Let r(u) = u**3 + 35*u**2 - 72*u + 71. Let q be r(-37). Give w(q).
20
Let f(z) = -z**3 - 6*z**2 + 11*z + 17. Suppose -3*d = 2*d + g + 37, 3*g = -6. Determine f(d).
-11
Suppose -5*t = -2*u + 110, t - 4*u + 40 = -0*t. Let l be t/(-16) + (-2)/8. Let a(g) = -8*g + 15. Let r(n) = n - 5. Let k(j) = -a(j) - 3*r(j). Give k(l).
5
Let n(v) be the third derivative of 0*v - v**3 + 0 + 1/60*v**5 + 1/6*v**4 + 5*v**2. Let w = -7 + 2. What is n(w)?
-1
Let j(o) = -3*o**2 - 2*o + 3. Suppose 1318*u - 1300*u = 36. Determine j(u).
-13
Let u(m) = 1 + 4 + 5 + 4*m - 9 + 2. Calculate u(-3).
-9
Let h = 12 - 9. Suppose h*g + 3 - 12 = -l, g - 14 = -4*l. Let q(i) = -2 + 2*i + 2 - g + 3. Give q(-3).
-5
Let w(g) be the third derivative of g**5/60 - g**4/3 + 4*g**3/3 - g**2. Let v(a) = -11*a - 26. Let x be v(-3). Calculate w(x).
1
Let u(k) = 2*k**2 - 2*k + 1. Suppose -j + j = 3*j. Suppose z + 1 + 2 = -2*n, j = 3*n + z + 5. Give u(n).
13
Let d(i) = -i - 2. Let g be d(-4). Let o(s) = -17 + 7 + 6 - s**g + 6*s. Give o(5).
1
Let v(c) be the first derivative of -c**3/3 + 11*c**2/2 - 18*c - 342. Give v(9).
0
Suppose -2*t = -s + 2*s - 11, 4*s = 3*t + 99. Let d be ((-3)/9)/((-1)/s). Let k(a) = d*a + 6*a**3 - 7*a. What is k(1)?
6
Let r(u) = u - 3. Let f be r(4). Let z be ((-7)/1)/((-11)/22). Let j(m) = z*m**3 + 8*m**3 + m - 30*m**3 - 1. What is j(f)?
-8
Let b = -96 - -42. Let f be ((-74)/12 - 9/b)/2. Let t(h) = 2*h - 3. Let w(v) = -v**2 - v + 1. Let s(r) = -t(r) + w(r). What is s(f)?
4
Let k(y) = y**2 - 6*y + 2. Let r = -67 + 66. Let a(o) = 5*o**2 + o + 1. Let d be a(r). What is k(d)?
-3
Let p(i) = i + 2. Let s(x) = -x**2 + 6*x + 1. Let g be s(6). Let n be 1/1*1/(g/(-3)). Calculate p(n).
-1
Let r = -1028 - -1038. Let o(y) = -y**2 + 8*y + 26. Give o(r).
6
Let y(o) = -3*o**2 + 5*o + 19. Let k(w) = 5*w**2 - 8*w - 30. Let t(a) = 5*k(a) + 8*y(a). Let x(h) = -h + 2. Let n be x(2). Give t(n).
2
Let j = 1216 - 1214. Let c(w) be the first derivative of j - 2*w - 7/3*w**3 + 0*w**2 + 1/4*w**4. What is c(7)?
-2
Let d(y) = 5*y**2 + y**2 - 3 + 4773*y**3 - 4772*y**3. Determine d(-6).
-3
Let u(y) be the third derivative of y**5/60 + 19*y**4/24 + 5*y**3/3 + y**2 + 5. Determine u(-18).
-8
Let w(y) = -11*y - 10. Let o(q) = 4*q. Let c(n) = 3*o(n) + w(n). Give c(12).
2
Let z(q) = -q**3 + q**2 - q + 1. Let p(j) = -3*j**3 + j**2 - 2*j + 3. Let g(i) = -p(i) + 2*z(i). Suppose -59*f + 9 = -50*f. Calculate g(f).
1
Let r(p) = -9*p + 10. Let j(g) = -8*g + 9. Let s(w) = -6*j(w) + 5*r(w). Determine s(2).
2
Let k(t) = t**2 - 15*t - 1. Let p(a) = -2*a**2 + 32*a + 1. Let u(x) = -7*k(x) - 3*p(x). Determine u(10).
-6
Suppose l = -38 + 36. Let m = 3 + l. Let t be 0*(-1)/2*m. Let d(y) = y**2. Determine d(t).
0
Let s = 49 + -46. Let z(d) = -2*d**3 - 2*d**2 + 3. Let q(l) = -3*l**3 - 3*l**2 - l + 3. Let u(p) = s*q(p) - 4*z(p). Give u(-2).
7
Let u(s) = 3*s + 10. Let c(f) = -f - 2. Let k(h) = 9*c(h) + 2*u(h). Let r(l) = -l**3 - 4*l**2 + 5*l + 2. Let d be r(-5). Give k(d).
-4
Let m(s) = -15*s - 11. Let c(d) = -14*d - 10. Let l be 1 - 32/(12/3). Let r(h) = l*c(h) + 6*m(h). Determine r(-3).
-20
Suppose -3*b = -n - 6, 3*b - 7*b - 2*n = -8. Suppose y + 13*x - 19 = 8*x, 0 = b*y + 5*x - 23. Let r(v) = -v**3 + 6*v**2 - 6*v. What is r(y)?
8
Let n be ((-30)/8 - -1)*-8. Let c be ((-3)/2)/((-11)/n). Let o(z) = 5 + 0*z + c*z - 2*z - 2. What is o(3)?
6
Let k(c) = -6*c**2 - 2*c + 7. Let t(l) = 7*l**2 + 3*l - 9. Let o(u) = -5*k(u) - 4*t(u). Calculate o(-2).
13
Let i(b) be the first derivative of -b**3/3 - 5*b**2/2 + 7*b + 1. Suppose 4*u + 2*v = -24, 3*v = -7*u + 5*u - 8. Determine i(u).
-7
Let d(h) = -h. Let u be d(-2). Suppose 3*v + u*v = -3*b + 38, -4 = b. Let m(l) = -l + 5. Calculate m(v).
-5
Let q(z) = -z + 7. Let f = 30 - 28. Let r be (2*f/(-8))/(5/50). Calculate q(r).
12
Let r(b) be the third derivative of b**5/60 - b**4/6 - 5*b**3/6 - 2*b**2 - 99*b. Give r(4).
-5
Suppose -13*m + 5 = -8*m. Let v(f) = 47*f + 0 - 73*f + 39*f + m. Let g(w) = -w**3 + 2*w**2 + 4*w - 2. Let i be g(3). What is v(i)?
14
Suppose -5*r + 4 - 24 = 0. Let g(h) = -5*h**2 + h + 6. Let m(f) = -11*f**2 + f + 13. Let o(w) = r*m(w) + 9*g(w). Calculate o(6).
-4
Let b(w) = -w - 6. Let m be b(-7). Let n(k) be the second derivative of -2*k**3/3 - k**2/2 + 31*k. Give n(m).
-5
Let m(g) = -g**3 - 16*g**2 + 18*g + 14. Let o be m(-17). Let k(a) be the first derivative of -a**4/4 - 4*a**3/3 - 2*a**2 + a - 126. What is k(o)?
4
Let